{"id":64,"date":"2017-10-14T20:51:21","date_gmt":"2017-10-14T18:51:21","guid":{"rendered":"http:\/\/valhergo.fr\/?page_id=64"},"modified":"2026-03-05T13:47:45","modified_gmt":"2026-03-05T12:47:45","slug":"le-pole-de-sante","status":"publish","type":"page","link":"https:\/\/www.valhergo.fr\/?page_id=64","title":{"rendered":"Le p\u00f4le de sant\u00e9 du Fenouiller"},"content":{"rendered":"\n<h1 class=\"wp-block-heading\"><span style=\"color: #008080;\"><strong>Le P\u00f4le de Sant\u00e9 du Fenouiller<\/strong><\/span><\/h1>\n\n\n<div class=\"wp-block-image\">\n<figure class=\"aligncenter\"><a href=\"http:\/\/valhergo.fr\/wp-content\/uploads\/2018\/08\/WhatsApp-Image-2018-06-22-at-13.05.48.jpeg\"><img loading=\"lazy\" decoding=\"async\" width=\"1344\" height=\"581\" src=\"http:\/\/valhergo.fr\/wp-content\/uploads\/2018\/08\/WhatsApp-Image-2018-06-22-at-13.05.48.jpeg\" alt=\"\" class=\"wp-image-369\" srcset=\"https:\/\/www.valhergo.fr\/wp-content\/uploads\/2018\/08\/WhatsApp-Image-2018-06-22-at-13.05.48.jpeg 1344w, https:\/\/www.valhergo.fr\/wp-content\/uploads\/2018\/08\/WhatsApp-Image-2018-06-22-at-13.05.48-300x130.jpeg 300w, https:\/\/www.valhergo.fr\/wp-content\/uploads\/2018\/08\/WhatsApp-Image-2018-06-22-at-13.05.48-768x332.jpeg 768w, https:\/\/www.valhergo.fr\/wp-content\/uploads\/2018\/08\/WhatsApp-Image-2018-06-22-at-13.05.48-1024x443.jpeg 1024w\" sizes=\"auto, (max-width: 767px) 89vw, (max-width: 1000px) 54vw, (max-width: 1071px) 543px, 580px\" \/><\/a><\/figure><\/div>\n\n\n<p>Anciennement Maison de Sant\u00e9 Pluriprofessionnelle (MSP) l&rsquo;\u00e9tablissement est aujourd&rsquo;hui un P\u00f4le de Sant\u00e9 regroupant :<\/p>\n\n\n\n<ul class=\"wp-block-list\">\n<li>deux <a href=\"https:\/\/www.pagesjaunes.fr\/annuaire\/chercherlespros?quoiqui=m%C3%A9decin+g%C3%A9n%C3%A9raliste&amp;ou=Le+Fenouiller+%2885800%29&amp;univers=pagesjaunes&amp;idOu=L08508800\" target=\"_blank\" rel=\"noopener\">M\u00e9decins g\u00e9n\u00e9raliste<\/a>s<\/li>\n\n\n\n<li>un <a href=\"https:\/\/www.pagesjaunes.fr\/recherche\/le-fenouiller-85\/praud-infirmier\" target=\"_blank\" rel=\"noopener noreferrer\">Cabinet Infirmier<\/a><\/li>\n\n\n\n<li>une <a href=\"https:\/\/www.doctolib.fr\/sage-femme\/le-fenouiller\/caroline-masse?pid=practice-619361\" data-type=\"link\" data-id=\"https:\/\/www.doctolib.fr\/sage-femme\/le-fenouiller\/caroline-masse?pid=practice-619361\" target=\"_blank\" rel=\"noreferrer noopener\">Sage Femme<\/a><\/li>\n\n\n\n<li>trois <a href=\"https:\/\/www.pagesjaunes.fr\/recherche\/le-fenouiller-85\/orthophoniste\" target=\"_blank\" rel=\"noopener noreferrer\">Orthophonistes<\/a><\/li>\n\n\n\n<li>une <a href=\"https:\/\/www.pagesjaunes.fr\/pros\/55200508?quoiqui=chloe+durand&amp;ou=le-fenouiller-85&amp;idOu=&amp;quiQuoiSaisi=chlo%C3%A9+durand&amp;quiQuoiNbCar=12&amp;acOuSollicitee=0&amp;rangOu=&amp;sourceOu=&amp;typeOu=&amp;nbPropositionOuTop=0&amp;nbPropositionOuHisto=0&amp;ouSaisi=le-fenouiller-85&amp;ouNbCar=&amp;acQuiQuoiSollicitee=1&amp;rangQuiQuoi=1&amp;sourceQuiQuoi=TOP&amp;typeQuiQuoi=3&amp;idQuiQuoi=55200508&amp;nbPropositionQuiQuoiTop=1&amp;nbPropositionQuiQuoiHisto=0\" target=\"_blank\" rel=\"noopener noreferrer\">P\u00e9dicure Podologue<\/a><\/li>\n\n\n\n<li>deux&nbsp; <a href=\"https:\/\/www.doctolib.fr\/osteopathe\/lefenouiller\/thomas-perrocheau\" target=\"_blank\" rel=\"noopener noreferrer\">Ost\u00e9opathes<\/a><\/li>\n\n\n\n<li>deux <a href=\"https:\/\/www.pagesjaunes.fr\/recherche\/41-r-ue-centre-le-fenouiller-85\/kinesitherapeute\" target=\"_blank\" rel=\"noopener noreferrer\">Kin\u00e9sith\u00e9rapeutes<\/a><\/li>\n\n\n\n<li>une Gestalt-Praticienne<\/li>\n\n\n\n<li>et deux <span style=\"color: #008080;\"><strong><a href=\"https:\/\/www.valhergo.fr\/?page_id=47\" target=\"_blank\" rel=\"noopener noreferrer\"><span style=\"color: #008080;\">Ergoth\u00e9rapeutes<\/span><\/a> !<\/strong><\/span><\/li>\n<\/ul>\n\n\n\n<p class=\"has-text-align-center\">Equip\u00e9 d&rsquo;un grand parking avec places r\u00e9serv\u00e9es aux personnes \u00e0 mobilit\u00e9 r\u00e9duite, de passerelles, et d&rsquo;un ascenseur pour les consultations aupr\u00e8s des professionnels situ\u00e9s \u00e0 l&rsquo;\u00e9tage :&nbsp; <strong>il est parfaitement accessible \u00e0 tous<\/strong>.<\/p>\n\n\n\n<p class=\"has-text-align-center\"><span style=\"color: #008080;\">Gr\u00e2ce au p\u00f4le, il vous est possible de recentrer vos soins en un seul et m\u00eame endroit !<\/span><\/p>\n\n\n\n<p class=\"has-text-align-center\">Un petit parc avec des jeux de plein air, des bancs et tables de pique-nique, se situe juste \u00e0 c\u00f4t\u00e9, pour faire patienter les petits comme les grands dans un environnement ressour\u00e7ant.<\/p>\n\n\n<div class=\"wp-block-image\">\n<figure class=\"aligncenter\"><a href=\"http:\/\/valhergo.fr\/wp-content\/uploads\/2018\/08\/WhatsApp-Image-2018-06-22-at-13.06.042.jpeg\" target=\"_blank\" rel=\"noopener noreferrer\"><img loading=\"lazy\" decoding=\"async\" width=\"1024\" height=\"576\" src=\"https:\/\/www.valhergo.fr\/wp-content\/uploads\/2018\/08\/WhatsApp-Image-2018-06-22-at-13.06.042-1024x576.jpeg\" alt=\"\" class=\"wp-image-371\" srcset=\"https:\/\/www.valhergo.fr\/wp-content\/uploads\/2018\/08\/WhatsApp-Image-2018-06-22-at-13.06.042-1024x576.jpeg 1024w, https:\/\/www.valhergo.fr\/wp-content\/uploads\/2018\/08\/WhatsApp-Image-2018-06-22-at-13.06.042-300x169.jpeg 300w, https:\/\/www.valhergo.fr\/wp-content\/uploads\/2018\/08\/WhatsApp-Image-2018-06-22-at-13.06.042-768x432.jpeg 768w, https:\/\/www.valhergo.fr\/wp-content\/uploads\/2018\/08\/WhatsApp-Image-2018-06-22-at-13.06.042.jpeg 1376w\" sizes=\"auto, (max-width: 767px) 89vw, (max-width: 1000px) 54vw, (max-width: 1071px) 543px, 580px\" \/><\/a><\/figure><\/div>\n\n<div class=\"wp-block-image\">\n<figure class=\"aligncenter\"><a href=\"http:\/\/valhergo.fr\/wp-content\/uploads\/2018\/08\/WhatsApp-Image-2018-06-22-at-13.06.041.jpeg\" target=\"_blank\" rel=\"noopener noreferrer\"><img loading=\"lazy\" decoding=\"async\" width=\"1024\" height=\"576\" src=\"https:\/\/www.valhergo.fr\/wp-content\/uploads\/2018\/08\/WhatsApp-Image-2018-06-22-at-13.06.041-1024x576.jpeg\" alt=\"\" class=\"wp-image-370\" srcset=\"https:\/\/www.valhergo.fr\/wp-content\/uploads\/2018\/08\/WhatsApp-Image-2018-06-22-at-13.06.041-1024x576.jpeg 1024w, https:\/\/www.valhergo.fr\/wp-content\/uploads\/2018\/08\/WhatsApp-Image-2018-06-22-at-13.06.041-300x169.jpeg 300w, https:\/\/www.valhergo.fr\/wp-content\/uploads\/2018\/08\/WhatsApp-Image-2018-06-22-at-13.06.041-768x432.jpeg 768w, https:\/\/www.valhergo.fr\/wp-content\/uploads\/2018\/08\/WhatsApp-Image-2018-06-22-at-13.06.041.jpeg 1376w\" sizes=\"auto, (max-width: 767px) 89vw, (max-width: 1000px) 54vw, (max-width: 1071px) 543px, 580px\" \/><\/a><\/figure><\/div>\n\n<div class=\"wp-block-image\">\n<figure class=\"aligncenter size-large\"><a href=\"https:\/\/www.valhergo.fr\/wp-content\/uploads\/2022\/07\/IMG_20220706_191345-3-scaled.jpg\" target=\"_blank\" rel=\"noopener\"><img loading=\"lazy\" decoding=\"async\" width=\"1024\" height=\"360\" src=\"https:\/\/www.valhergo.fr\/wp-content\/uploads\/2022\/07\/IMG_20220706_191345-3-1024x360.jpg\" alt=\"\" class=\"wp-image-908\" srcset=\"https:\/\/www.valhergo.fr\/wp-content\/uploads\/2022\/07\/IMG_20220706_191345-3-1024x360.jpg 1024w, https:\/\/www.valhergo.fr\/wp-content\/uploads\/2022\/07\/IMG_20220706_191345-3-300x105.jpg 300w, https:\/\/www.valhergo.fr\/wp-content\/uploads\/2022\/07\/IMG_20220706_191345-3-768x270.jpg 768w, https:\/\/www.valhergo.fr\/wp-content\/uploads\/2022\/07\/IMG_20220706_191345-3-1536x539.jpg 1536w, https:\/\/www.valhergo.fr\/wp-content\/uploads\/2022\/07\/IMG_20220706_191345-3-2048x719.jpg 2048w\" sizes=\"auto, (max-width: 767px) 89vw, (max-width: 1000px) 54vw, (max-width: 1071px) 543px, 580px\" \/><\/a><\/figure><\/div>\n\n<div class=\"wp-block-image\">\n<figure class=\"aligncenter size-large\"><a href=\"https:\/\/www.valhergo.fr\/wp-content\/uploads\/2022\/07\/IMG_20220706_191516__01-scaled.jpg\" target=\"_blank\" rel=\"noopener\"><img loading=\"lazy\" decoding=\"async\" width=\"1024\" height=\"484\" src=\"https:\/\/www.valhergo.fr\/wp-content\/uploads\/2022\/07\/IMG_20220706_191516__01-1024x484.jpg\" alt=\"\" class=\"wp-image-905\" srcset=\"https:\/\/www.valhergo.fr\/wp-content\/uploads\/2022\/07\/IMG_20220706_191516__01-1024x484.jpg 1024w, https:\/\/www.valhergo.fr\/wp-content\/uploads\/2022\/07\/IMG_20220706_191516__01-300x142.jpg 300w, https:\/\/www.valhergo.fr\/wp-content\/uploads\/2022\/07\/IMG_20220706_191516__01-768x363.jpg 768w, https:\/\/www.valhergo.fr\/wp-content\/uploads\/2022\/07\/IMG_20220706_191516__01-1536x725.jpg 1536w, https:\/\/www.valhergo.fr\/wp-content\/uploads\/2022\/07\/IMG_20220706_191516__01-2048x967.jpg 2048w\" sizes=\"auto, (max-width: 767px) 89vw, (max-width: 1000px) 54vw, (max-width: 1071px) 543px, 580px\" \/><\/a><\/figure><\/div>\n\n<div class=\"wp-block-image\">\n<figure class=\"aligncenter size-large\"><a href=\"https:\/\/www.valhergo.fr\/wp-content\/uploads\/2022\/07\/IMG_20220706_191532__01-scaled.jpg\" target=\"_blank\" rel=\"noopener\"><img loading=\"lazy\" decoding=\"async\" width=\"484\" height=\"1024\" src=\"https:\/\/www.valhergo.fr\/wp-content\/uploads\/2022\/07\/IMG_20220706_191532__01-484x1024.jpg\" alt=\"\" class=\"wp-image-906\" srcset=\"https:\/\/www.valhergo.fr\/wp-content\/uploads\/2022\/07\/IMG_20220706_191532__01-484x1024.jpg 484w, https:\/\/www.valhergo.fr\/wp-content\/uploads\/2022\/07\/IMG_20220706_191532__01-142x300.jpg 142w, https:\/\/www.valhergo.fr\/wp-content\/uploads\/2022\/07\/IMG_20220706_191532__01-768x1626.jpg 768w, https:\/\/www.valhergo.fr\/wp-content\/uploads\/2022\/07\/IMG_20220706_191532__01-725x1536.jpg 725w, https:\/\/www.valhergo.fr\/wp-content\/uploads\/2022\/07\/IMG_20220706_191532__01-967x2048.jpg 967w, https:\/\/www.valhergo.fr\/wp-content\/uploads\/2022\/07\/IMG_20220706_191532__01-scaled.jpg 1209w\" sizes=\"auto, (max-width: 484px) 100vw, 484px\" \/><\/a><\/figure><\/div>","protected":false},"excerpt":{"rendered":"<p>Le P\u00f4le de Sant\u00e9 du Fenouiller Anciennement Maison de Sant\u00e9 Pluriprofessionnelle (MSP) l&rsquo;\u00e9tablissement est aujourd&rsquo;hui un P\u00f4le de Sant\u00e9 regroupant : Equip\u00e9 d&rsquo;un grand parking avec places r\u00e9serv\u00e9es aux personnes \u00e0 mobilit\u00e9 r\u00e9duite, de passerelles, et d&rsquo;un ascenseur pour les consultations aupr\u00e8s des professionnels situ\u00e9s \u00e0 l&rsquo;\u00e9tage :&nbsp; il est parfaitement accessible \u00e0 tous. Gr\u00e2ce &hellip; <\/p>\n<p class=\"link-more\"><a href=\"https:\/\/www.valhergo.fr\/?page_id=64\" class=\"more-link\">Continuer la lecture<span class=\"screen-reader-text\"> de &laquo;&nbsp;Le p\u00f4le de sant\u00e9 du Fenouiller&nbsp;&raquo;<\/span><\/a><\/p>\n","protected":false},"author":1,"featured_media":0,"parent":0,"menu_order":0,"comment_status":"closed","ping_status":"closed","template":"","meta":{"footnotes":""},"class_list":["post-64","page","type-page","status-publish","hentry"],"_links":{"self":[{"href":"https:\/\/www.valhergo.fr\/index.php?rest_route=\/wp\/v2\/pages\/64","targetHints":{"allow":["GET"]}}],"collection":[{"href":"https:\/\/www.valhergo.fr\/index.php?rest_route=\/wp\/v2\/pages"}],"about":[{"href":"https:\/\/www.valhergo.fr\/index.php?rest_route=\/wp\/v2\/types\/page"}],"author":[{"embeddable":true,"href":"https:\/\/www.valhergo.fr\/index.php?rest_route=\/wp\/v2\/users\/1"}],"replies":[{"embeddable":true,"href":"https:\/\/www.valhergo.fr\/index.php?rest_route=%2Fwp%2Fv2%2Fcomments&post=64"}],"version-history":[{"count":37,"href":"https:\/\/www.valhergo.fr\/index.php?rest_route=\/wp\/v2\/pages\/64\/revisions"}],"predecessor-version":[{"id":1409,"href":"https:\/\/www.valhergo.fr\/index.php?rest_route=\/wp\/v2\/pages\/64\/revisions\/1409"}],"wp:attachment":[{"href":"https:\/\/www.valhergo.fr\/index.php?rest_route=%2Fwp%2Fv2%2Fmedia&parent=64"}],"curies":[{"name":"wp","href":"https:\/\/api.w.org\/{rel}","templated":true}]}}

Le pôle de santé du Fenouiller

<h1 class="wp-block-heading"><span style="color: #008080;"><strong>Le Pôle de Santé du Fenouiller</strong></span></h1>


<div class="wp-block-image">
<figure class="aligncenter"><a href="http://valhergo.fr/wp-content/uploads/2018/08/WhatsApp-Image-2018-06-22-at-13.05.48.jpeg"><img loading="lazy" decoding="async" width="1344" height="581" src="http://valhergo.fr/wp-content/uploads/2018/08/WhatsApp-Image-2018-06-22-at-13.05.48.jpeg" alt="" class="wp-image-369" srcset="https://www.valhergo.fr/wp-content/uploads/2018/08/WhatsApp-Image-2018-06-22-at-13.05.48.jpeg 1344w, https://www.valhergo.fr/wp-content/uploads/2018/08/WhatsApp-Image-2018-06-22-at-13.05.48-300x130.jpeg 300w, https://www.valhergo.fr/wp-content/uploads/2018/08/WhatsApp-Image-2018-06-22-at-13.05.48-768x332.jpeg 768w, https://www.valhergo.fr/wp-content/uploads/2018/08/WhatsApp-Image-2018-06-22-at-13.05.48-1024x443.jpeg 1024w" sizes="auto, (max-width: 767px) 89vw, (max-width: 1000px) 54vw, (max-width: 1071px) 543px, 580px" /></a></figure></div>


<p>Anciennement Maison de Santé Pluriprofessionnelle (MSP) l&rsquo;établissement est aujourd&rsquo;hui un Pôle de Santé regroupant :</p>



<ul class="wp-block-list">
<li>deux <a href="https://www.pagesjaunes.fr/annuaire/chercherlespros?quoiqui=m%C3%A9decin+g%C3%A9n%C3%A9raliste&amp;ou=Le+Fenouiller+%2885800%29&amp;univers=pagesjaunes&amp;idOu=L08508800" target="_blank" rel="noopener">Médecins généraliste</a>s</li>



<li>un <a href="https://www.pagesjaunes.fr/recherche/le-fenouiller-85/praud-infirmier" target="_blank" rel="noopener noreferrer">Cabinet Infirmier</a></li>



<li>une <a href="https://www.doctolib.fr/sage-femme/le-fenouiller/caroline-masse?pid=practice-619361" data-type="link" data-id="https://www.doctolib.fr/sage-femme/le-fenouiller/caroline-masse?pid=practice-619361" target="_blank" rel="noreferrer noopener">Sage Femme</a></li>



<li>trois <a href="https://www.pagesjaunes.fr/recherche/le-fenouiller-85/orthophoniste" target="_blank" rel="noopener noreferrer">Orthophonistes</a></li>



<li>une <a href="https://www.pagesjaunes.fr/pros/55200508?quoiqui=chloe+durand&amp;ou=le-fenouiller-85&amp;idOu=&amp;quiQuoiSaisi=chlo%C3%A9+durand&amp;quiQuoiNbCar=12&amp;acOuSollicitee=0&amp;rangOu=&amp;sourceOu=&amp;typeOu=&amp;nbPropositionOuTop=0&amp;nbPropositionOuHisto=0&amp;ouSaisi=le-fenouiller-85&amp;ouNbCar=&amp;acQuiQuoiSollicitee=1&amp;rangQuiQuoi=1&amp;sourceQuiQuoi=TOP&amp;typeQuiQuoi=3&amp;idQuiQuoi=55200508&amp;nbPropositionQuiQuoiTop=1&amp;nbPropositionQuiQuoiHisto=0" target="_blank" rel="noopener noreferrer">Pédicure Podologue</a></li>



<li>deux&nbsp; <a href="https://www.doctolib.fr/osteopathe/lefenouiller/thomas-perrocheau" target="_blank" rel="noopener noreferrer">Ostéopathes</a></li>



<li>deux <a href="https://www.pagesjaunes.fr/recherche/41-r-ue-centre-le-fenouiller-85/kinesitherapeute" target="_blank" rel="noopener noreferrer">Kinésithérapeutes</a></li>



<li>une Gestalt-Praticienne</li>



<li>et deux <span style="color: #008080;"><strong><a href="https://www.valhergo.fr/?page_id=47" target="_blank" rel="noopener noreferrer"><span style="color: #008080;">Ergothérapeutes</span></a> !</strong></span></li>
</ul>



<p class="has-text-align-center">Equipé d&rsquo;un grand parking avec places réservées aux personnes à mobilité réduite, de passerelles, et d&rsquo;un ascenseur pour les consultations auprès des professionnels situés à l&rsquo;étage :&nbsp; <strong>il est parfaitement accessible à tous</strong>.</p>



<p class="has-text-align-center"><span style="color: #008080;">Grâce au pôle, il vous est possible de recentrer vos soins en un seul et même endroit !</span></p>



<p class="has-text-align-center">Un petit parc avec des jeux de plein air, des bancs et tables de pique-nique, se situe juste à côté, pour faire patienter les petits comme les grands dans un environnement ressourçant.</p>


<div class="wp-block-image">
<figure class="aligncenter"><a href="http://valhergo.fr/wp-content/uploads/2018/08/WhatsApp-Image-2018-06-22-at-13.06.042.jpeg" target="_blank" rel="noopener noreferrer"><img loading="lazy" decoding="async" width="1024" height="576" src="https://www.valhergo.fr/wp-content/uploads/2018/08/WhatsApp-Image-2018-06-22-at-13.06.042-1024x576.jpeg" alt="" class="wp-image-371" srcset="https://www.valhergo.fr/wp-content/uploads/2018/08/WhatsApp-Image-2018-06-22-at-13.06.042-1024x576.jpeg 1024w, https://www.valhergo.fr/wp-content/uploads/2018/08/WhatsApp-Image-2018-06-22-at-13.06.042-300x169.jpeg 300w, https://www.valhergo.fr/wp-content/uploads/2018/08/WhatsApp-Image-2018-06-22-at-13.06.042-768x432.jpeg 768w, https://www.valhergo.fr/wp-content/uploads/2018/08/WhatsApp-Image-2018-06-22-at-13.06.042.jpeg 1376w" sizes="auto, (max-width: 767px) 89vw, (max-width: 1000px) 54vw, (max-width: 1071px) 543px, 580px" /></a></figure></div>

<div class="wp-block-image">
<figure class="aligncenter"><a href="http://valhergo.fr/wp-content/uploads/2018/08/WhatsApp-Image-2018-06-22-at-13.06.041.jpeg" target="_blank" rel="noopener noreferrer"><img loading="lazy" decoding="async" width="1024" height="576" src="https://www.valhergo.fr/wp-content/uploads/2018/08/WhatsApp-Image-2018-06-22-at-13.06.041-1024x576.jpeg" alt="" class="wp-image-370" srcset="https://www.valhergo.fr/wp-content/uploads/2018/08/WhatsApp-Image-2018-06-22-at-13.06.041-1024x576.jpeg 1024w, https://www.valhergo.fr/wp-content/uploads/2018/08/WhatsApp-Image-2018-06-22-at-13.06.041-300x169.jpeg 300w, https://www.valhergo.fr/wp-content/uploads/2018/08/WhatsApp-Image-2018-06-22-at-13.06.041-768x432.jpeg 768w, https://www.valhergo.fr/wp-content/uploads/2018/08/WhatsApp-Image-2018-06-22-at-13.06.041.jpeg 1376w" sizes="auto, (max-width: 767px) 89vw, (max-width: 1000px) 54vw, (max-width: 1071px) 543px, 580px" /></a></figure></div>

<div class="wp-block-image">
<figure class="aligncenter size-large"><a href="https://www.valhergo.fr/wp-content/uploads/2022/07/IMG_20220706_191345-3-scaled.jpg" target="_blank" rel="noopener"><img loading="lazy" decoding="async" width="1024" height="360" src="https://www.valhergo.fr/wp-content/uploads/2022/07/IMG_20220706_191345-3-1024x360.jpg" alt="" class="wp-image-908" srcset="https://www.valhergo.fr/wp-content/uploads/2022/07/IMG_20220706_191345-3-1024x360.jpg 1024w, https://www.valhergo.fr/wp-content/uploads/2022/07/IMG_20220706_191345-3-300x105.jpg 300w, https://www.valhergo.fr/wp-content/uploads/2022/07/IMG_20220706_191345-3-768x270.jpg 768w, https://www.valhergo.fr/wp-content/uploads/2022/07/IMG_20220706_191345-3-1536x539.jpg 1536w, https://www.valhergo.fr/wp-content/uploads/2022/07/IMG_20220706_191345-3-2048x719.jpg 2048w" sizes="auto, (max-width: 767px) 89vw, (max-width: 1000px) 54vw, (max-width: 1071px) 543px, 580px" /></a></figure></div>

<div class="wp-block-image">
<figure class="aligncenter size-large"><a href="https://www.valhergo.fr/wp-content/uploads/2022/07/IMG_20220706_191516__01-scaled.jpg" target="_blank" rel="noopener"><img loading="lazy" decoding="async" width="1024" height="484" src="https://www.valhergo.fr/wp-content/uploads/2022/07/IMG_20220706_191516__01-1024x484.jpg" alt="" class="wp-image-905" srcset="https://www.valhergo.fr/wp-content/uploads/2022/07/IMG_20220706_191516__01-1024x484.jpg 1024w, https://www.valhergo.fr/wp-content/uploads/2022/07/IMG_20220706_191516__01-300x142.jpg 300w, https://www.valhergo.fr/wp-content/uploads/2022/07/IMG_20220706_191516__01-768x363.jpg 768w, https://www.valhergo.fr/wp-content/uploads/2022/07/IMG_20220706_191516__01-1536x725.jpg 1536w, https://www.valhergo.fr/wp-content/uploads/2022/07/IMG_20220706_191516__01-2048x967.jpg 2048w" sizes="auto, (max-width: 767px) 89vw, (max-width: 1000px) 54vw, (max-width: 1071px) 543px, 580px" /></a></figure></div>

<div class="wp-block-image">
<figure class="aligncenter size-large"><a href="https://www.valhergo.fr/wp-content/uploads/2022/07/IMG_20220706_191532__01-scaled.jpg" target="_blank" rel="noopener"><img loading="lazy" decoding="async" width="484" height="1024" src="https://www.valhergo.fr/wp-content/uploads/2022/07/IMG_20220706_191532__01-484x1024.jpg" alt="" class="wp-image-906" srcset="https://www.valhergo.fr/wp-content/uploads/2022/07/IMG_20220706_191532__01-484x1024.jpg 484w, https://www.valhergo.fr/wp-content/uploads/2022/07/IMG_20220706_191532__01-142x300.jpg 142w, https://www.valhergo.fr/wp-content/uploads/2022/07/IMG_20220706_191532__01-768x1626.jpg 768w, https://www.valhergo.fr/wp-content/uploads/2022/07/IMG_20220706_191532__01-725x1536.jpg 725w, https://www.valhergo.fr/wp-content/uploads/2022/07/IMG_20220706_191532__01-967x2048.jpg 967w, https://www.valhergo.fr/wp-content/uploads/2022/07/IMG_20220706_191532__01-scaled.jpg 1209w" sizes="auto, (max-width: 484px) 100vw, 484px" /></a></figure></div>

<p>Le Pôle de Santé du Fenouiller Anciennement Maison de Santé Pluriprofessionnelle (MSP) l&rsquo;établissement est aujourd&rsquo;hui un Pôle de Santé regroupant : Equipé d&rsquo;un grand parking avec places réservées aux personnes à mobilité réduite, de passerelles, et d&rsquo;un ascenseur pour les consultations auprès des professionnels situés à l&rsquo;étage :&nbsp; il est parfaitement accessible à tous. Grâce &hellip; </p>
<p class="link-more"><a href="https://www.valhergo.fr/?page_id=64" class="more-link">Continuer la lecture<span class="screen-reader-text"> de &laquo;&nbsp;Le pôle de santé du Fenouiller&nbsp;&raquo;</span></a></p>
