{"id":47,"date":"2017-10-14T18:29:51","date_gmt":"2017-10-14T16:29:51","guid":{"rendered":"http:\/\/valhergo.fr\/?page_id=47"},"modified":"2026-03-07T09:29:25","modified_gmt":"2026-03-07T08:29:25","slug":"presentation","status":"publish","type":"page","link":"https:\/\/www.valhergo.fr\/?page_id=47","title":{"rendered":"Valentine HERBILLON (parcours et formations)"},"content":{"rendered":"\n<p><\/p>\n\n\n\n<h1 class=\"wp-block-heading\"><span style=\"color: #008080;\"><strong>Valentine HERBILLON&nbsp; &nbsp;<\/strong><strong>&nbsp;<\/strong><\/span><\/h1>\n\n\n\n<p><span style=\"color: #008080;\"><strong>Ergoth\u00e9rapeute D. E.<\/strong><\/span><\/p>\n\n\n\n<p>Apr\u00e8s un baccalaur\u00e9at Scientifique <em>(options Sciences de La Vie et de la Terre)<\/em> et une ann\u00e9e de pr\u00e9paration au Concours d&rsquo;Entr\u00e9e des Instituts de Formation en Ergoth\u00e9rapie (I.F.E.), j&rsquo;ai effectu\u00e9 mes \u00e9tudes au sein&nbsp; de l&rsquo;\u00e9cole <strong><a href=\"http:\/\/www.adere-paris.fr\/\" target=\"_blank\" rel=\"noopener noreferrer\">ADERE<\/a> <\/strong><em>(Association pour le D\u00e9veloppement, l&rsquo;Enseignement et la Recherche en Ergoth\u00e9rapie) <\/em>\u00e0 Paris.<\/p>\n\n\n\n<p>Durant mes \u00e9tudes et d\u00e8s le Dipl\u00f4me d&rsquo;Etat d&rsquo;Ergoth\u00e9rapeute obtenu (2013), j&rsquo;ai pratiqu\u00e9 en r\u00e9gion parisienne et en Vend\u00e9e aupr\u00e8s d&rsquo;enfants et d&rsquo;adultes, au sein de centres :<\/p>\n\n\n\n<ul class=\"wp-block-list\">\n<li>de R\u00e9\u00e9ducation fonctionnelle (<strong>CRF<\/strong>),<\/li>\n\n\n\n<li>Hospitalier Psychiatrique (<strong>HP<\/strong>),<\/li>\n\n\n\n<li>d&rsquo;Action M\u00e9dico Sociale Pr\u00e9coce (<strong>CAMSP<\/strong>),<\/li>\n\n\n\n<li>de Soins de Suite et R\u00e9adaptation (<strong>SSR<\/strong>),<\/li>\n\n\n\n<li>d&rsquo;Hospitalisation \u00e0 Domicile (<strong>HAD<\/strong>),<\/li>\n\n\n\n<li>d&rsquo;Hospitalisation de Jour, appel\u00e9e aussi Hospitalisation \u00e0 temps partiel (<strong>HDJ<\/strong>&nbsp;ou <strong>HTP<\/strong>).<\/li>\n<\/ul>\n\n\n\n<p>J&rsquo;occupais alors une fonction d&rsquo;ergoth\u00e9rapeute dans une \u00e9quipe pluriprofessionnelle, mais parfois aussi avec le r\u00f4le de \u00ab\u00a0r\u00e9f\u00e9rent\u00a0\u00bb.<\/p>\n\n\n\n<p><span style=\"font-size: 1rem;\">J&rsquo;ai \u00e9galement eu l&rsquo;occasion de voyager en Nouvelle Z\u00e9lande pendant plusieurs mois, d\u00e9couvrant alors leur syst\u00e8me de sant\u00e9. Cela m&rsquo;a aussi permis de d\u00e9velopper mes comp\u00e9tences en langue anglaise, pouvant ainsi proposer des soins dans cette langue si besoin.&nbsp;<\/span><\/p>\n\n\n\n<p>En Vend\u00e9e plus particuli\u00e8rement, j&rsquo;ai pu exercer un an et demi (au total) \u00e0 la&nbsp;<a href=\"http:\/\/www.villa-notre-dame.fr\/\" target=\"_blank\" rel=\"noopener noreferrer\"><span style=\"color: #008080;\">Villa Notre Dame de Saint&nbsp; Gilles Croix de Vie<\/span><\/a><span style=\"color: #008080;\">&nbsp;<\/span> (avec qui je suis toujours en contact) et ai consacr\u00e9 20% de mon temps \u00e0 l&rsquo;<span style=\"color: #008080;\">Unit\u00e9 de Proximit\u00e9 AVC&nbsp;<\/span><span style=\"color: #008080;\"> du <\/span><a href=\"http:\/\/www.ch-cotedelumiere.fr\/\" target=\"_blank\" rel=\"noopener noreferrer\"><span style=\"color: #008080;\">Centre Hospitalier C\u00f4te de Lumi\u00e8re des Sables d&rsquo;Olonne<\/span><\/a> entre octobre 2017 (son ouverture) et mars 2020. <em>(Cliquez sur les liens pour ouvrir les sites internet ou articles correspondants).<\/em><\/p>\n\n\n\n<p>Aujourd&rsquo;hui je me consacre \u00e0 mon activit\u00e9 lib\u00e9rale, au sein du cabinet que j&rsquo;ai ouvert dans le <span style=\"color: #008080;\"><strong><a href=\"https:\/\/www.linkedin.com\/company\/p%C3%B4le-sant%C3%A9-du-fenouiller\/posts\/?feedView=all\" data-type=\"link\" data-id=\"https:\/\/www.linkedin.com\/company\/p%C3%B4le-sant%C3%A9-du-fenouiller\/posts\/?feedView=all\" target=\"_blank\" rel=\"noreferrer noopener\"><mark style=\"background-color:rgba(0, 0, 0, 0);color:#038c83\" class=\"has-inline-color\">P\u00f4le de Sant\u00e9 du Fenouiller<\/mark><\/a><\/strong> <\/span>(Vend\u00e9e) en 2017, et tr\u00e8s prochainement au sein de la <a href=\"https:\/\/sante-breti.fr\/\" target=\"_blank\" rel=\"noopener\"><span style=\"color: #008080;\"><strong>Maison de Sant\u00e9 de Br\u00e9tignolles Sur Mer<\/strong><\/span><\/a>, proposant des soins et prestations <strong>au<\/strong> <strong>cabinet, \u00e0 domicile<\/strong>, comme sur tout <strong>autre lieu de vie<\/strong> du patient (\u00e9cole, lieu d&rsquo;activit\u00e9 de loisirs, de travail, supermarch\u00e9, biblioth\u00e8que, etc). <\/p>\n\n\n\n<p>Soucieuse d&rsquo;offrir des prises en soins de qualit\u00e9, je continue de me former r\u00e9guli\u00e8rement aupr\u00e8s d&rsquo;organismes reconnus et de professionnels experts dans leur domaines. Je m&rsquo;investis \u00e9galement dans des <strong>projets locaux<\/strong> <em>(membre du groupe de travail sur les troubles du neurod\u00e9veloppement via l<mark style=\"background-color:#ffffff\" class=\"has-inline-color\">a<\/mark> <strong><a href=\"https:\/\/www.cpts-lvo.com\/\" target=\"_blank\" rel=\"noreferrer noopener\"><mark style=\"background-color:rgba(0, 0, 0, 0);color:#038c83\" class=\"has-inline-color\">CPTS Loire Vend\u00e9e Oc\u00e9an<\/mark><\/a><\/strong>, de l\u2019<strong><a href=\"https:\/\/www.linkedin.com\/company\/esp-clap-vie-et-sant%C3%A9-du-pays-de-saint-gilles\/posts\/\" target=\"_blank\" rel=\"noreferrer noopener\"><mark style=\"background-color:rgba(0, 0, 0, 0);color:#038c83\" class=\"has-inline-color\">ESP<\/mark><mark style=\"background-color:rgba(0, 0, 0, 0)\" class=\"has-inline-color has-black-color\"> <\/mark><mark style=\"background-color:rgba(0, 0, 0, 0);color:#038c83\" class=\"has-inline-color\">CLAP&nbsp;<strong>Vie et Sant\u00e9 du Pays de Saint Gilles<\/strong><\/mark><\/a><\/strong> par exemple), <\/em><strong>aupr\u00e8s d&rsquo;associations<\/strong> comme <strong><a href=\"https:\/\/apedys85.org\/\" target=\"_blank\" rel=\"noreferrer noopener\"><mark style=\"background-color:rgba(0, 0, 0, 0);color:#038c83\" class=\"has-inline-color\">Apedys 85<\/mark><\/a><\/strong><mark style=\"background-color:rgba(0, 0, 0, 0)\" class=\"has-inline-color has-cyan-bluish-gray-color\"> <\/mark><em>(conseils, animation d&rsquo;un groupe de parents dans le cadre de leur parcours parentalit\u00e9, accompagnement \u00e0 certaines r\u00e9unions, etc)<\/em>, ou encore l&rsquo;<a href=\"https:\/\/anfe.fr\/\" data-type=\"link\" data-id=\"https:\/\/anfe.fr\/\" target=\"_blank\" rel=\"noreferrer noopener\"><mark style=\"background-color:rgba(0, 0, 0, 0);color:#038c83\" class=\"has-inline-color\"><strong>ANFE<\/strong><\/mark> <\/a><em>(en \u00e9tant membre du groupe d&rsquo;int\u00e9r\u00eat sur l&rsquo;Int\u00e9gration Sensorielle en p\u00e9diatrie et ergoth\u00e9rapie : \u00ab\u00a0ErgoInSens\u00a0\u00bb)<\/em><\/p>\n\n\n\n<h2 class=\"wp-block-heading\"><strong>En dehors de mon exercice lib\u00e9ral, je fais partie de : <\/strong><\/h2>\n\n\n\n<ul class=\"wp-block-list\">\n<li><mark style=\"background-color:rgba(0, 0, 0, 0);color:#038c83\" class=\"has-inline-color\"><strong>L&rsquo;<\/strong><\/mark><a href=\"https:\/\/www.ergotdah.org\/page\/3498818-presentation\" data-type=\"link\" data-id=\"https:\/\/www.ergotdah.org\/page\/3498818-presentation\" target=\"_blank\" rel=\"noreferrer noopener\"><mark style=\"background-color:rgba(0, 0, 0, 0);color:#038c83\" class=\"has-inline-color\"><strong>association ErgOTDAH<\/strong><\/mark><\/a> en tant qu&rsquo;adh\u00e9rente. <\/li>\n\n\n\n<li><mark style=\"background-color:rgba(0, 0, 0, 0);color:#038c83\" class=\"has-inline-color\">La <\/mark><strong><a href=\"https:\/\/www.cpts-lvo.com\/\" data-type=\"link\" data-id=\"https:\/\/www.cpts-lvo.com\/\" target=\"_blank\" rel=\"noreferrer noopener\"><mark style=\"background-color:rgba(0, 0, 0, 0);color:#038c83\" class=\"has-inline-color\">CPTS Loire Vend\u00e9e Oc\u00e9an<\/mark><\/a><\/strong> <em>(Communaut\u00e9 Professionnelle Territoriale De Sant\u00e9 Loire Vend\u00e9e Oc\u00e9an),<\/em> en tant qu&rsquo;adh\u00e9rente mais aussi comme membre du <strong>groupe de travail sur les TND,<\/strong><\/li>\n\n\n\n<li><mark style=\"background-color:rgba(0, 0, 0, 0);color:#038c83\" class=\"has-inline-color\">L&rsquo;<\/mark><strong><a href=\"https:\/\/anfe.fr\/\" data-type=\"link\" data-id=\"https:\/\/anfe.fr\/\" target=\"_blank\" rel=\"noreferrer noopener\"><mark style=\"background-color:rgba(0, 0, 0, 0);color:#038c83\" class=\"has-inline-color\">ANFE<\/mark><\/a><\/strong><mark style=\"background-color:rgba(0, 0, 0, 0);color:#038c83\" class=\"has-inline-color\"> <\/mark><em>(Association Nationale Fran\u00e7aise des Ergoth\u00e9rapeutes),<\/em> en tant qu&rsquo;adh\u00e9rente, mais aussi comme membre et m\u00eame secr\u00e9taire du groupe d&rsquo;int\u00e9r\u00eat <strong><mark style=\"background-color:rgba(0, 0, 0, 0);color:#038c83\" class=\"has-inline-color\">ErgoInSens<\/mark><\/strong> <em>(groupe d\u00e9di\u00e9 \u00e0 l&rsquo;Int\u00e9gration Sensorielle en ergoth\u00e9rapie).<\/em><\/li>\n\n\n\n<li>Le <mark style=\"background-color:rgba(0, 0, 0, 0);color:#038c83\" class=\"has-inline-color\"><strong>GFE ISA<\/strong><\/mark> <em>(Groupe Fran\u00e7ais des Ergoth\u00e9rapeutes form\u00e9s \u00e0 l&rsquo;Int\u00e9gration Sensorielle selon J. Ayres),<\/em> en tant que membre, anciennement coordinateur du groupe.<\/li>\n<\/ul>\n\n\n\n<h2 class=\"wp-block-heading\"><strong>Formations depuis le dipl\u00f4me<\/strong> :<\/h2>\n\n\n\n<p><mark style=\"background-color:rgba(0, 0, 0, 0);color:#038c83\" class=\"has-inline-color\"><strong>2026 :<\/strong> L&rsquo;\u00e9valuation de la personne pr\u00e9sentant un TDA\/H en ergoth\u00e9rapie<\/mark>, <em>de Ergo En Nord Formations, <\/em>anim\u00e9e par Pauline DANTIN.<\/p>\n\n\n\n<p><mark style=\"background-color:rgba(0, 0, 0, 0);color:#038c83\" class=\"has-inline-color\"><strong>2026 :<\/strong> Certification \u00e0 L&rsquo;approche Cog-Fun<\/mark> <em>(Cognitive Functional Intervention)<\/em> <mark style=\"background-color:rgba(0, 0, 0, 0);color:#038c83\" class=\"has-inline-color\">aupr\u00e8s d&rsquo;enfants pr\u00e9sentant un TDAH<\/mark>, <em>de Ergo En Nord Formations, <\/em>anim\u00e9e par Pauline DANTIN &amp; Cyriaque MALLET.<\/p>\n\n\n\n<p><mark style=\"background-color:rgba(0, 0, 0, 0);color:#038c83\" class=\"has-inline-color\"><strong>2025 :<\/strong> L&rsquo;approche Cog-Fun<\/mark> <em>(Cognitive Functional Intervention)<\/em> <mark style=\"background-color:rgba(0, 0, 0, 0);color:#038c83\" class=\"has-inline-color\">aupr\u00e8s d&rsquo;enfants pr\u00e9sentant un TDAH<\/mark>, <em>de Ergo En Nord Formations, <\/em>anim\u00e9e par Pauline DANTIN &amp; Cyriaque MALLET.<\/p>\n\n\n\n<p><mark style=\"background-color:rgba(0, 0, 0, 0);color:#038c83\" class=\"has-inline-color\"><strong>2024 :<\/strong> Evaluation et traitement de l&rsquo;\u00e9criture et ABC BOUM+<\/mark> pour ergoth\u00e9rapeute, <em>de l&rsquo;Association Nationale Fran\u00e7aise des Ergoth\u00e9rapeutes<\/em>, anim\u00e9e par Judith BEAULIEU et Charlotte RAMAJO.<\/p>\n\n\n\n<p><mark style=\"background-color:rgba(0, 0, 0, 0);color:#038c83\" class=\"has-inline-color\"><strong>2023 <\/strong>: Approche d&rsquo;Int\u00e9gration Sensorielle selon A. J. Ayres, Ergoth\u00e9rapeute, Module 3\/3, <\/mark><em>de l&rsquo;Association Nationale Fran\u00e7aise des Ergoth\u00e9rapeutes<\/em>, anim\u00e9e par Mme C\u00e9cile DUFOUR, Mme Olga JIMENEZ NODET. <strong>Finalisant alors un<\/strong> <strong>parcours de 125h de formation en pr\u00e9sentiel<\/strong> au total sur 2 ans et demi, des dizaines heures \u00e0 mettre en pratique, \u00e0 \u00e9changer, se questionner, et des r\u00e9dactions d&rsquo;<strong>\u00e9tudes de cas avec pr\u00e9sentations devant formatrices<\/strong>. Finalisant donc une formation <strong>respectueuse des<\/strong> <strong>standards internationaux d\u00e9finis en 2017, des crit\u00e8res ASIFM.<\/strong><\/p>\n\n\n<div class=\"wp-block-image\">\n<figure class=\"aligncenter size-medium\"><a href=\"https:\/\/www.valhergo.fr\/wp-content\/uploads\/2023\/12\/Capture.jpg\" target=\"_blank\" rel=\"noreferrer noopener\"><img loading=\"lazy\" decoding=\"async\" width=\"211\" height=\"300\" src=\"https:\/\/www.valhergo.fr\/wp-content\/uploads\/2023\/12\/Capture-211x300.jpg\" alt=\"\" class=\"wp-image-1063\" srcset=\"https:\/\/www.valhergo.fr\/wp-content\/uploads\/2023\/12\/Capture-211x300.jpg 211w, https:\/\/www.valhergo.fr\/wp-content\/uploads\/2023\/12\/Capture-719x1024.jpg 719w, https:\/\/www.valhergo.fr\/wp-content\/uploads\/2023\/12\/Capture-768x1093.jpg 768w, https:\/\/www.valhergo.fr\/wp-content\/uploads\/2023\/12\/Capture.jpg 770w\" sizes=\"auto, (max-width: 211px) 100vw, 211px\" \/><\/a><\/figure><\/div>\n\n\n<p class=\"has-text-align-left\"><mark style=\"background-color:rgba(0, 0, 0, 0);color:#038c83\" class=\"has-inline-color\"> <strong>2022 <\/strong>: <\/mark> <mark style=\"background-color:rgba(0, 0, 0, 0);color:#038c83\" class=\"has-inline-color\">Approche d&rsquo;Int\u00e9gration Sensorielle selon A. J. Ayres, Ergoth\u00e9rapeute,  Module 2\/3,<\/mark> <em>de l&rsquo;Association Nationale Fran\u00e7aise des Ergoth\u00e9rapeutes<\/em>, anim\u00e9e par Mme C\u00e9cile DUFOUR, Mme Olga JIMENEZ NODET et Dr Isabelle BEAUDRY-BELLEFEUILLE. <\/p>\n\n\n<div class=\"wp-block-image\">\n<figure class=\"aligncenter size-medium\"><a href=\"https:\/\/www.valhergo.fr\/wp-content\/uploads\/2022\/06\/Capture.png\" target=\"_blank\" rel=\"noopener\"><img loading=\"lazy\" decoding=\"async\" width=\"213\" height=\"300\" src=\"https:\/\/www.valhergo.fr\/wp-content\/uploads\/2022\/06\/Capture-213x300.png\" alt=\"\" class=\"wp-image-879\" srcset=\"https:\/\/www.valhergo.fr\/wp-content\/uploads\/2022\/06\/Capture-213x300.png 213w, https:\/\/www.valhergo.fr\/wp-content\/uploads\/2022\/06\/Capture-728x1024.png 728w, https:\/\/www.valhergo.fr\/wp-content\/uploads\/2022\/06\/Capture-768x1080.png 768w, https:\/\/www.valhergo.fr\/wp-content\/uploads\/2022\/06\/Capture.png 848w\" sizes=\"auto, (max-width: 213px) 100vw, 213px\" \/><\/a><\/figure><\/div>\n\n\n<p class=\"has-text-align-left\"><strong><mark style=\"background-color:rgba(0, 0, 0, 0);color:#038c83\" class=\"has-inline-color\">2021 : <\/mark><\/strong><mark style=\"background-color:rgba(0, 0, 0, 0);color:#038c83\" class=\"has-inline-color\">Approche d&rsquo;Int\u00e9gration Sensorielle selon A. J. Ayres, Ergoth\u00e9rapeute,  Module 1\/3<\/mark>, <em>de l&rsquo;Association Nationale Fran\u00e7aise des Ergoth\u00e9rapeutes<\/em>, anim\u00e9e par C\u00e9cile DUFOUR et Olga JIMENEZ NODET.<\/p>\n\n\n<div class=\"wp-block-image\">\n<figure class=\"aligncenter size-medium\"><a href=\"https:\/\/www.valhergo.fr\/wp-content\/uploads\/2021\/09\/Capture.png\" target=\"_blank\" rel=\"noopener\"><img loading=\"lazy\" decoding=\"async\" width=\"211\" height=\"300\" src=\"https:\/\/www.valhergo.fr\/wp-content\/uploads\/2021\/09\/Capture-211x300.png\" alt=\"\" class=\"wp-image-728\" srcset=\"https:\/\/www.valhergo.fr\/wp-content\/uploads\/2021\/09\/Capture-211x300.png 211w, https:\/\/www.valhergo.fr\/wp-content\/uploads\/2021\/09\/Capture-719x1024.png 719w, https:\/\/www.valhergo.fr\/wp-content\/uploads\/2021\/09\/Capture-768x1094.png 768w, https:\/\/www.valhergo.fr\/wp-content\/uploads\/2021\/09\/Capture.png 785w\" sizes=\"auto, (max-width: 211px) 100vw, 211px\" \/><\/a><\/figure><\/div>\n\n\n<p class=\"has-text-align-left\"><mark style=\"background-color:rgba(0, 0, 0, 0);color:#038c83\" class=\"has-inline-color\"><strong>2021-2022 <\/strong>: Approche CO-OP (Cognitive Orientation to Daily Occupational Performance) <\/mark><em>de l&rsquo;Association Nationale Fran\u00e7aise des Ergoth\u00e9rapeutes,<\/em>  anim\u00e9e par Lucas ROUAULT.<\/p>\n\n\n<div class=\"wp-block-image\">\n<figure class=\"aligncenter size-medium\"><img loading=\"lazy\" decoding=\"async\" width=\"212\" height=\"300\" src=\"https:\/\/www.valhergo.fr\/wp-content\/uploads\/2022\/06\/Capture2-212x300.png\" alt=\"\" class=\"wp-image-881\" srcset=\"https:\/\/www.valhergo.fr\/wp-content\/uploads\/2022\/06\/Capture2-212x300.png 212w, https:\/\/www.valhergo.fr\/wp-content\/uploads\/2022\/06\/Capture2-724x1024.png 724w, https:\/\/www.valhergo.fr\/wp-content\/uploads\/2022\/06\/Capture2-768x1086.png 768w, https:\/\/www.valhergo.fr\/wp-content\/uploads\/2022\/06\/Capture2.png 785w\" sizes=\"auto, (max-width: 212px) 100vw, 212px\" \/><\/figure><\/div>\n\n\n<p class=\"has-text-align-left\"><mark style=\"background-color:rgba(0, 0, 0, 0);color:#038c83\" class=\"has-inline-color\"> <strong>2021 : <\/strong>Troubles du neurod\u00e9veloppement (TSA-TDAH-TDI-TSLA)<\/mark>, <em><a href=\"https:\/\/www.uness.fr\/\" data-type=\"URL\" data-id=\"https:\/\/www.uness.fr\/\" target=\"_blank\" rel=\"noreferrer noopener\">de l&rsquo;universit\u00e9 Num\u00e9rique en Sant\u00e9 et Sport<\/a><\/em>.<\/p>\n\n\n<div class=\"wp-block-image\">\n<figure class=\"aligncenter size-medium\"><a href=\"https:\/\/www.valhergo.fr\/wp-content\/uploads\/2021\/12\/Attestation-formation-Uness.jpg\" target=\"_blank\" rel=\"noopener\"><img loading=\"lazy\" decoding=\"async\" width=\"300\" height=\"208\" src=\"https:\/\/www.valhergo.fr\/wp-content\/uploads\/2021\/12\/Attestation-formation-Uness-300x208.jpg\" alt=\"\" class=\"wp-image-840\" srcset=\"https:\/\/www.valhergo.fr\/wp-content\/uploads\/2021\/12\/Attestation-formation-Uness-300x208.jpg 300w, https:\/\/www.valhergo.fr\/wp-content\/uploads\/2021\/12\/Attestation-formation-Uness-1024x712.jpg 1024w, https:\/\/www.valhergo.fr\/wp-content\/uploads\/2021\/12\/Attestation-formation-Uness-768x534.jpg 768w, https:\/\/www.valhergo.fr\/wp-content\/uploads\/2021\/12\/Attestation-formation-Uness.jpg 1265w\" sizes=\"auto, (max-width: 300px) 100vw, 300px\" \/><\/a><\/figure><\/div>\n\n\n<p class=\"has-text-align-left\"><mark style=\"background-color:rgba(0, 0, 0, 0);color:#038c83\" class=\"has-inline-color\"><strong>2020 :<\/strong> <\/mark> <mark style=\"background-color:rgba(0, 0, 0, 0);color:#038c83\" class=\"has-inline-color\">Compl\u00e9ment LSF<\/mark> , vocabulaire m\u00e9dical, <em>en ligne via<\/em> <em>Udemy<\/em>.<\/p>\n\n\n<div class=\"wp-block-image\">\n<figure class=\"aligncenter size-medium\"><a href=\"https:\/\/www.valhergo.fr\/wp-content\/uploads\/2020\/04\/UC-f66373bf-b8c7-4a00-bef6-b602e124c142.jpg\" target=\"_blank\" rel=\"noopener noreferrer\"><img loading=\"lazy\" decoding=\"async\" width=\"300\" height=\"223\" src=\"https:\/\/www.valhergo.fr\/wp-content\/uploads\/2020\/04\/UC-f66373bf-b8c7-4a00-bef6-b602e124c142-300x223.jpg\" alt=\"\" class=\"wp-image-543\" srcset=\"https:\/\/www.valhergo.fr\/wp-content\/uploads\/2020\/04\/UC-f66373bf-b8c7-4a00-bef6-b602e124c142-300x223.jpg 300w, https:\/\/www.valhergo.fr\/wp-content\/uploads\/2020\/04\/UC-f66373bf-b8c7-4a00-bef6-b602e124c142-1024x762.jpg 1024w, https:\/\/www.valhergo.fr\/wp-content\/uploads\/2020\/04\/UC-f66373bf-b8c7-4a00-bef6-b602e124c142-768x571.jpg 768w, https:\/\/www.valhergo.fr\/wp-content\/uploads\/2020\/04\/UC-f66373bf-b8c7-4a00-bef6-b602e124c142-1536x1142.jpg 1536w, https:\/\/www.valhergo.fr\/wp-content\/uploads\/2020\/04\/UC-f66373bf-b8c7-4a00-bef6-b602e124c142.jpg 1600w\" sizes=\"auto, (max-width: 300px) 100vw, 300px\" \/><\/a><\/figure><\/div>\n\n\n<p class=\"has-text-align-left\"><mark style=\"background-color:rgba(0, 0, 0, 0);color:#038c83\" class=\"has-inline-color\"><strong>2020 :<\/strong> Troubles du spectre de l&rsquo;Autisme (TSA) modules 1, 2 et 3\/3<em> <\/em><\/mark><em>de l&rsquo;Association Nationale Fran\u00e7aise des Ergoth\u00e9rapeutes, <\/em>anim\u00e9e par Delphine DECHAMBRE et Marjorie CARREAU.<\/p>\n\n\n<div class=\"wp-block-image\">\n<figure class=\"aligncenter size-medium\"><a href=\"https:\/\/www.valhergo.fr\/wp-content\/uploads\/2020\/04\/Capture-2.png\" target=\"_blank\" rel=\"noopener noreferrer\"><img loading=\"lazy\" decoding=\"async\" width=\"300\" height=\"212\" src=\"https:\/\/www.valhergo.fr\/wp-content\/uploads\/2020\/04\/Capture-2-300x212.png\" alt=\"\" class=\"wp-image-536\" srcset=\"https:\/\/www.valhergo.fr\/wp-content\/uploads\/2020\/04\/Capture-2-300x212.png 300w, https:\/\/www.valhergo.fr\/wp-content\/uploads\/2020\/04\/Capture-2-1024x723.png 1024w, https:\/\/www.valhergo.fr\/wp-content\/uploads\/2020\/04\/Capture-2-768x542.png 768w, https:\/\/www.valhergo.fr\/wp-content\/uploads\/2020\/04\/Capture-2-1536x1084.png 1536w, https:\/\/www.valhergo.fr\/wp-content\/uploads\/2020\/04\/Capture-2.png 1559w\" sizes=\"auto, (max-width: 300px) 100vw, 300px\" \/><\/a><\/figure><\/div>\n\n<div class=\"wp-block-image\">\n<figure class=\"aligncenter size-medium\"><a href=\"https:\/\/www.valhergo.fr\/wp-content\/uploads\/2020\/11\/Attestation-formaition-TSA-module-3.png\" target=\"_blank\" rel=\"noopener noreferrer\"><img loading=\"lazy\" decoding=\"async\" width=\"211\" height=\"300\" src=\"https:\/\/www.valhergo.fr\/wp-content\/uploads\/2020\/11\/Attestation-formaition-TSA-module-3-211x300.png\" alt=\"\" class=\"wp-image-601\" srcset=\"https:\/\/www.valhergo.fr\/wp-content\/uploads\/2020\/11\/Attestation-formaition-TSA-module-3-211x300.png 211w, https:\/\/www.valhergo.fr\/wp-content\/uploads\/2020\/11\/Attestation-formaition-TSA-module-3.png 558w\" sizes=\"auto, (max-width: 211px) 100vw, 211px\" \/><\/a><\/figure><\/div>\n\n\n<p class=\"has-text-align-left\"><mark style=\"background-color:rgba(0, 0, 0, 0);color:#038c83\" class=\"has-inline-color\"><strong>2020 :<\/strong> La motricit\u00e9 fine en p\u00e9diatrie, comp\u00e9tences cliniques pour l&rsquo;ergoth\u00e9rapeute<\/mark>, <mark style=\"background-color:rgba(0, 0, 0, 0);color:#038c83\" class=\"has-inline-color\">Volet 1, 2, 3\/3<\/mark> (th\u00e9orie, \u00e9valuation, analyse, intervention, int\u00e9gration) <em>de Josiane CARON SANTHA, ergoth\u00e9rapeute formatrice auteur et coach au canada.<\/em><\/p>\n\n\n<div class=\"wp-block-image\">\n<figure class=\"aligncenter size-large is-resized\"><a href=\"https:\/\/www.valhergo.fr\/wp-content\/uploads\/2020\/04\/Capture-3.png\" target=\"_blank\" rel=\"noopener noreferrer\"><img loading=\"lazy\" decoding=\"async\" width=\"436\" height=\"1024\" src=\"https:\/\/www.valhergo.fr\/wp-content\/uploads\/2020\/04\/Capture-3-436x1024.png\" alt=\"\" class=\"wp-image-549\" style=\"width:436px;height:auto\" srcset=\"https:\/\/www.valhergo.fr\/wp-content\/uploads\/2020\/04\/Capture-3-436x1024.png 436w, https:\/\/www.valhergo.fr\/wp-content\/uploads\/2020\/04\/Capture-3-128x300.png 128w, https:\/\/www.valhergo.fr\/wp-content\/uploads\/2020\/04\/Capture-3.png 471w\" sizes=\"auto, (max-width: 436px) 100vw, 436px\" \/><\/a><\/figure><\/div>\n\n\n<p class=\"has-text-align-left\"><mark style=\"background-color:rgba(0, 0, 0, 0);color:#038c83\" class=\"has-inline-color\"><strong>2019-2020 :<\/strong> Niveau A1.1 Langue des Signes Fran\u00e7aise<\/mark>,  <em>avec Beaux-Mains Langue Sourde Fran\u00e7aise <\/em><\/p>\n\n\n<div class=\"wp-block-image\">\n<figure class=\"aligncenter size-medium\"><a href=\"https:\/\/www.valhergo.fr\/wp-content\/uploads\/2020\/04\/Capture3.png\" target=\"_blank\" rel=\"noopener noreferrer\"><img loading=\"lazy\" decoding=\"async\" width=\"211\" height=\"300\" src=\"https:\/\/www.valhergo.fr\/wp-content\/uploads\/2020\/04\/Capture3-211x300.png\" alt=\"\" class=\"wp-image-539\" srcset=\"https:\/\/www.valhergo.fr\/wp-content\/uploads\/2020\/04\/Capture3-211x300.png 211w, https:\/\/www.valhergo.fr\/wp-content\/uploads\/2020\/04\/Capture3-721x1024.png 721w, https:\/\/www.valhergo.fr\/wp-content\/uploads\/2020\/04\/Capture3-768x1091.png 768w, https:\/\/www.valhergo.fr\/wp-content\/uploads\/2020\/04\/Capture3.png 783w\" sizes=\"auto, (max-width: 211px) 100vw, 211px\" \/><\/a><\/figure><\/div>\n\n\n<p class=\"has-text-align-left\"><strong><mark style=\"background-color:rgba(0, 0, 0, 0);color:#038c83\" class=\"has-inline-color\">2018-2019 : <\/mark><\/strong><mark style=\"background-color:rgba(0, 0, 0, 0);color:#038c83\" class=\"has-inline-color\">L&rsquo;entretien en ergoth\u00e9rapie par l&rsquo;utilisation de la MCRO issue de la MCREO, en France<\/mark>,  <em>de l&rsquo;Association Nationale Fran\u00e7aise des Ergoth\u00e9rapeutes<\/em>,  anim\u00e9e par Lucas ROUAULT. <\/p>\n\n\n<div class=\"wp-block-image\">\n<figure class=\"aligncenter size-medium\"><a href=\"https:\/\/www.valhergo.fr\/wp-content\/uploads\/2020\/04\/Capture4.png\" target=\"_blank\" rel=\"noopener noreferrer\"><img loading=\"lazy\" decoding=\"async\" width=\"211\" height=\"300\" src=\"https:\/\/www.valhergo.fr\/wp-content\/uploads\/2020\/04\/Capture4-211x300.png\" alt=\"\" class=\"wp-image-541\" srcset=\"https:\/\/www.valhergo.fr\/wp-content\/uploads\/2020\/04\/Capture4-211x300.png 211w, https:\/\/www.valhergo.fr\/wp-content\/uploads\/2020\/04\/Capture4-721x1024.png 721w, https:\/\/www.valhergo.fr\/wp-content\/uploads\/2020\/04\/Capture4-768x1091.png 768w, https:\/\/www.valhergo.fr\/wp-content\/uploads\/2020\/04\/Capture4.png 783w\" sizes=\"auto, (max-width: 211px) 100vw, 211px\" \/><\/a><\/figure><\/div>\n\n\n<p class=\"has-text-align-left\"><mark style=\"background-color:rgba(0, 0, 0, 0);color:#038c83\" class=\"has-inline-color\"><strong>2018 :<\/strong> Troubles du langage \u00e9crit et mat\u00e9riel p\u00e9dagogique adapt\u00e9<\/mark>, <em>de Neurodev, partenaire du Centre R\u00e9gional de Diagnostic des Troubles des Apprentissage de Lille. <\/em><\/p>\n\n\n\n<p class=\"has-text-align-left\"><strong><mark style=\"background-color:rgba(0, 0, 0, 0);color:#038c83\" class=\"has-inline-color\">2017 <\/mark><\/strong>: <mark style=\"background-color:rgba(0, 0, 0, 0);color:#038c83\" class=\"has-inline-color\">Sensibilisation \u00e0 l&rsquo;approche Naomi FEIL.<\/mark><\/p>\n\n\n\n<p><\/p>\n","protected":false},"excerpt":{"rendered":"<p>Valentine HERBILLON&nbsp; &nbsp;&nbsp; Ergoth\u00e9rapeute D. E. Apr\u00e8s un baccalaur\u00e9at Scientifique (options Sciences de La Vie et de la Terre) et une ann\u00e9e de pr\u00e9paration au Concours d&rsquo;Entr\u00e9e des Instituts de Formation en Ergoth\u00e9rapie (I.F.E.), j&rsquo;ai effectu\u00e9 mes \u00e9tudes au sein&nbsp; de l&rsquo;\u00e9cole ADERE (Association pour le D\u00e9veloppement, l&rsquo;Enseignement et la Recherche en Ergoth\u00e9rapie) \u00e0 Paris. &hellip; <\/p>\n<p class=\"link-more\"><a href=\"https:\/\/www.valhergo.fr\/?page_id=47\" class=\"more-link\">Continuer la lecture<span class=\"screen-reader-text\"> de &laquo;&nbsp;Valentine HERBILLON (parcours et formations)&nbsp;&raquo;<\/span><\/a><\/p>\n","protected":false},"author":1,"featured_media":0,"parent":0,"menu_order":0,"comment_status":"closed","ping_status":"closed","template":"","meta":{"footnotes":""},"class_list":["post-47","page","type-page","status-publish","hentry"],"_links":{"self":[{"href":"https:\/\/www.valhergo.fr\/index.php?rest_route=\/wp\/v2\/pages\/47","targetHints":{"allow":["GET"]}}],"collection":[{"href":"https:\/\/www.valhergo.fr\/index.php?rest_route=\/wp\/v2\/pages"}],"about":[{"href":"https:\/\/www.valhergo.fr\/index.php?rest_route=\/wp\/v2\/types\/page"}],"author":[{"embeddable":true,"href":"https:\/\/www.valhergo.fr\/index.php?rest_route=\/wp\/v2\/users\/1"}],"replies":[{"embeddable":true,"href":"https:\/\/www.valhergo.fr\/index.php?rest_route=%2Fwp%2Fv2%2Fcomments&post=47"}],"version-history":[{"count":76,"href":"https:\/\/www.valhergo.fr\/index.php?rest_route=\/wp\/v2\/pages\/47\/revisions"}],"predecessor-version":[{"id":1418,"href":"https:\/\/www.valhergo.fr\/index.php?rest_route=\/wp\/v2\/pages\/47\/revisions\/1418"}],"wp:attachment":[{"href":"https:\/\/www.valhergo.fr\/index.php?rest_route=%2Fwp%2Fv2%2Fmedia&parent=47"}],"curies":[{"name":"wp","href":"https:\/\/api.w.org\/{rel}","templated":true}]}}